 s = 2. Let h = t - -266. What is the tens digit of h?
4
Suppose -14*o = -17*o + 60. Suppose o*u + 2765 = 25*u. Let w = u - 342. What is the tens digit of w?
1
Let t(r) = 17*r + 30*r - 16 - 21*r + 19*r + 1 - 2*r**2. Suppose 3*h = 41 - 8. What is the units digit of t(h)?
8
Suppose -81*s + 5*i = -82*s + 10763, -3*s + 32175 = -4*i. What is the hundreds digit of s?
7
Let v(k) = -6195*k**3 - 2*k**2 - 44*k - 43. What is the thousands digit of v(-1)?
6
Let k(n) = 152*n**2 - n - 2. Let o be k(-1). Suppose -o = s - 4*s + r, 3*s = -2*r + 157. What is the units digit of s?
1
Let q be (-5 + 1)/(-20 + 19). Suppose -q*t + 5*t - 60 = 0. Let o = 108 - t. What is the units digit of o?
8
Suppose 28*b = 43086 + 37554. What is the hundreds digit of b?
8
Let o = -323 - -317. Let q(d) = -304*d + 118. What is the thousands digit of q(o)?
1
Let i(m) = -49*m + 52. Let z be i(5). Let o = 984 + z. What is the units digit of o?
1
Let y be 143/(-33) + 1/3. What is the tens digit of (3 + 54/(-15))/(y/5420)?
1
Suppose 338*i = 2236305 + 867549. What is the tens digit of i?
8
Let q be (642/(-12) - -7)*(-172)/6. Suppose 0*t = 2*t + 3*c - q, 1327 = 2*t + 5*c. What is the tens digit of t?
7
Let s = -6476 - -14952. What is the units digit of s?
6
Let l be (-1 + -4)/(-2 + 1). Suppose 0 = -l*k + 25, 3*d - d - 801 = -5*k. Suppose 7*j - 1214 + d = 0. What is the tens digit of j?
1
Let c = -20781 + 56494. What is the units digit of c?
3
Let x be 6/(12/14) - 3. What is the units digit of (-46)/x*32/(-16)?
3
What is the thousands digit of 426105/30 + (-70)/20?
4
Let n(x) = -x**3 - 26*x**2 - 26*x - 21. Let o be n(-25). Suppose -q - 2*k = -249, -o*q - k + 462 = -499. What is the hundreds digit of q?
2
Suppose 0 = -2*b + 4*k - 6, -2*k + 32 - 4 = 4*b. Let c = -54 + -351. What is the units digit of (23*6/b)/((-54)/c)?
7
What is the tens digit of (6 - 3) + -21 + 2464?
4
Suppose 0 = -7*o - 5*o - 72. Let y be (-4)/o - ((-56)/(-12) + -1). Let l = 10 + y. What is the units digit of l?
7
Suppose 221*z + 72997 = 71*z + 247147. What is the tens digit of z?
6
Let v = -16664 - -38346. What is the thousands digit of v?
1
Let c(f) = 20359*f**3 + 7*f**2 - 9*f + 2. What is the tens digit of c(1)?
5
What is the thousands digit of -14 - (-35)/5 - -11114?
1
Let m(q) = -5*q + 5. Let t be m(2). Let s(b) = 14*b + 153. What is the units digit of s(t)?
3
Let o = 4 + 5. Let h be 4379/261 + 2/o. What is the units digit of (-18)/4*(h - 31)?
3
Suppose -w - 4*w - 3239 = -3*p, -3*p + 3*w + 3231 = 0. Suppose -1423 = -4*c + 5*m, 3*c + 0*m - p = -2*m. What is the units digit of c?
7
Let l(n) = 13*n**2 + 12*n + 1. Let t be (6/3 - 1)*-3. Let a be l(t). Suppose 226 - a = 12*o. What is the tens digit of o?
1
Let o be (-36)/(-10)*(-10)/(-3). Let p(d) = d + 36*d**2 - 10 - 16 + 4*d - 35*d**2 - 4*d. What is the hundreds digit of p(o)?
1
Let n = -52 + 66. Let f(u) = -u**3 + 15*u**2 - 14*u + 4. Let h be f(n). Suppose 2*b = -h*b + 870. What is the units digit of b?
5
Suppose 96*l + 8 = 98*l. What is the units digit of 73022/87 - (12/9)/l?
9
Suppose 3*i = -12, 0*i - i - 29 = -5*k. Let d be 19 - k*3/(-3). Let s = d + 14. What is the units digit of s?
8
What is the units digit of 2*356109/60 + 7/(70/(-3))?
0
Let w(s) = s**3 - 18*s**2 + 7*s + 14. Let l be w(18). Suppose -4*n - l = -f + 3*f, 290 = -4*f - 3*n. Let v = f - -119. What is the tens digit of v?
4
Suppose -5*y - 60 + 15 = 5*l, 31 = -5*l + 2*y. Let z be 4/(-7) - 753/l. What is the hundreds digit of (z/2)/((-9)/2 + 5)?
1
Let o be (-6)/(-27) - ((-183)/27 + 3). Suppose -1 = -2*i - 5*q, -i = o*q - 2 - 0. What is the units digit of i/17 - 13950/(-85)?
4
What is the hundreds digit of 850/(-425)*((-44937)/2)/3?
9
Let f = 738 + -398. Let n = f - -31. What is the tens digit of n?
7
Let a be (1648/20)/4 - (-10)/25. Suppose 2*l + a = -4*t + 61, -5*t - 71 = -3*l. Suppose -l*u + 29*u = 350. What is the units digit of u?
0
Suppose -3*c - h + 2 = -0, 4*c - h = 12. Suppose 0 = -2*p + 3*q + 777, -p + q = c*q - 381. What is the tens digit of p?
8
What is the units digit of (16 + (-372)/24)/((2/(-59484))/(-1))?
1
Let b(k) = -k**3 + 15*k**2 - 2*k + 17. Let d = 7 - -84. Let t = -77 + d. What is the hundreds digit of b(t)?
1
Suppose -h - 3*y - y + 19 = 0, -h + 5*y + 37 = 0. Let j = 25 - h. What is the units digit of (33/j)/(10/(800/(-15)))?
8
Let g(x) = -2*x**3 + 21*x**2 + 13*x - 10. Let o be g(11). Suppose o*l + 441 = n + 7*l, -n - l = -417. What is the tens digit of n?
2
Suppose -4*y + 5*o + 0*o + 17 = 0, 2*o = -2. Suppose 0 = -y*n + l + 1250, 3*l = -0*n + 4*n - 1675. What is the tens digit of n?
1
Let h(g) = 13*g**2 + 28*g + 1. Let s(t) = t**2 - 1. Let y(a) = -h(a) + 3*s(a). What is the units digit of y(-2)?
2
What is the units digit of (78/(-4)*344/258)/((-2)/1053)?
9
Suppose -4*w + 122028 = -5*a, w + 5*a - 4407 = 26125. What is the thousands digit of w?
0
Suppose -27633 = 1374*t - 1525*t. Let u be 261 - (1 + 0) - -1. Suppose -t = -3*j + u. What is the tens digit of j?
4
Let i(q) = -24*q - 93. Let g be i(-4). What is the tens digit of 438 - (51/68)/(g/(-8))?
4
Suppose 136 = -3*t + 124. What is the hundreds digit of (-3992)/(t + -4) + 4/(-2)?
4
Suppose 0 = t + 3*j - 16, -t = 2*t + 2*j - 20. Suppose -900 = -t*f + 856. What is the units digit of f?
9
What is the tens digit of 8/56 - (4 + (-138345)/21)?
8
Let z(s) = -s**3 + 14*s**2 + 55*s - 2. Let d(k) = -k**3 + k**2 - 8*k + 15. Let x be d(0). What is the units digit of z(x)?
8
Let p = 290 - 286. Suppose p*t + 1648 = 3*s, 3*t = 3*s - 394 - 1256. What is the tens digit of s?
5
Let m(i) = -72 + 0*i - 14*i + 3*i**2 + 21*i. What is the tens digit of m(13)?
2
Let z(y) = 2*y**2 - 22*y - 15. Let w be z(-24). Suppose 32*g - w = 29*g. What is the units digit of g?
5
Suppose -5*k = 2*r - 357228, 3605*k = 3604*k + r + 71447. What is the units digit of k?
6
Let h(u) = -2*u**2 - 18*u + 100. Let z be h(4). Let t = -16 + 22. What is the units digit of 1*(z/t)/((-8)/12)?
1
Suppose -4*y - 21 + 5 = 0. Let t be (4/(-16))/(y/848). Suppose 2*r - t - 49 = 2*m, 2*r = -5*m + 116. What is the tens digit of r?
5
Let g(a) = a + 13. Let c be g(14). Suppose 6*i - 111 - c = 0. Suppose -3*w + 49 = -i. What is the units digit of w?
4
Let j = 12251 + -3878. What is the thousands digit of j?
8
Let k(v) = -31*v + 147. Let o be k(-14). What is the tens digit of 1*o + 594/66?
9
Let u(o) be the second derivative of 27/2*o**2 + 12*o + o**3 + 0. What is the units digit of u(11)?
3
Let h be (-678)/24*(-4 - -16). Let d = -13 - h. What is the units digit of d?
6
Let h be 4 - (5 + 3) - -4. Suppose h = 5*w - 2*t + 45, t + 8 = -2*w - 1. What is the tens digit of 80 + w/(14/(-6))?
8
Let z be 148/(1*(2 + 0)). Let n be z/26 - (-3)/(39/2). Suppose 0 = 5*i + r - 669, n*r - 582 = -3*i - 171. What is the units digit of i?
3
Let q = 19233 - 11119. What is the tens digit of q?
1
Suppose 37*j = 35829 - 50. Let a = j + -559. What is the tens digit of a?
0
Let q(g) = g**2 + 22*g + 52. Let s be q(-20). Suppose 371 = s*l - 553. What is the tens digit of l?
7
Suppose -1392*s = -1299*s - 3468063. What is the tens digit of s?
9
Suppose -8*a + 1 + 15 = 0. Suppose m + 6 = -5*u - 13, 0 = -2*u + 3*m + 6. What is the units digit of (59 + -18)/(a - (-5)/u)?
3
Suppose 1217*x + 866394 = 1235*x. What is the tens digit of x?
3
Let d be (13/26)/(1 + 3/(-4)). Suppose -n = v - 1422, -6*n + 4*n = -d*v + 2824. What is the hundreds digit of v?
4
Suppose -5 = c - 4*b, 0*b - 5*b = -25. Suppose 4709 + 4846 = c*s. What is the hundreds digit of s?
6
Let a(p) be the first derivative of p**3/3 + p**2/2 - 16*p - 2. Let d be a(5). Suppose 15*r - 163 = d*r. What is the hundreds digit of r?
1
Let f(k) = k**3 + 1. Let m(j) = j**3 - 9*j**2 + 91*j + 14. Let v(o) = 2*f(o) - m(o). What is the tens digit of v(-14)?
8
Suppose v - 6*v = 5, -3*p = -v - 31. Suppose -2*j + p = -2*l, -4*j + 0*j + 24 = -5*l. Suppose -4*g + j = -3. What is the units digit of g?
1
Suppose 18*s - 108 = -0*s. Let p = s - -123. What is the hundreds digit of p?
1
Suppose -2*w + 18 = -10. Let p(n) = 2*n**2 + 12*n - 74. Let r be p(-12). Let f = r - w. What is the tens digit of f?
5
Suppose -20*c + 180 = -25*c. Let z = c - -57. Suppose z*v = 18*v + 204. What is the units digit of v?
8
Suppose -2*c + 1696 = -5*t, -c - t + 2527 = 2*c. Suppose -c + 201 = -3*i. What is the un